{"id":2,"date":"2015-01-27T18:49:52","date_gmt":"2015-01-27T18:49:52","guid":{"rendered":"http:\/\/www.backhausteam.de\/wordpress\/?page_id=2"},"modified":"2023-02-05T12:30:40","modified_gmt":"2023-02-05T12:30:40","slug":"beispiel-seite","status":"publish","type":"page","link":"http:\/\/www.backhausteam.de\/wordpress\/","title":{"rendered":""},"content":{"rendered":"<h2 style=\"text-align: center;\"><strong>Herzlich Willkommen auf der Seite des Backhausteam Klein-Altenst\u00e4dten e.V.<\/strong><\/h2>\n<h4>Auf dieser Seite finden sie alle Infos und Veranstaltungen \u00fcber das Backhausteam Klein-Altenst\u00e4dten e.V.<\/h4>\n<h3 style=\"text-align: center;\">&#8212;&#8212;&#8212;&#8212;&#8212;&#8212;&#8212;&#8212;&#8212;&#8212;&#8212;&#8212;&#8212;&#8212;&#8212;&#8212;&#8212;&#8212;&#8212;&#8212;&#8212;&#8212;&#8212;&#8212;&#8212;&#8212;&#8211;<\/h3>\n<p style=\"text-align: center;\"><strong>Aktuelle Informationen<\/strong><\/p>\n\n\n<p><\/p>\n\n\n\n<p>\u00a0<\/p>\n<p>Jahreshauptversammlung 2023<\/p>\n<p>Liebe Mitglieder, liebe Mitgliederinnen,<\/p>\n<p><br \/>am Samstag, den 25.02.2023 um 19.00 Uhr findet unsere diesj\u00e4hrige Jahreshauptversammlung im Sch\u00fctzenhaus, Am Kellerkopf, in Klein-Altenst\u00e4dten statt. Wegen der Wichtigkeit der Themen und unserem bevorstehenden Jubil\u00e4um bitten wir um Eure Teilnahme.<br \/>Tagespunkte:<\/p>\n<p>\u00a0<\/p>\n<p>Top 1: Begr\u00fc\u00dfung<\/p>\n<p>Top 2: Bericht des 1. Vorsitzenden<\/p>\n<p>Top 3: Bericht abgestelltes Mitglied B\u00fcrgerstiftung<\/p>\n<p>Top 4: Bericht Kassiererin<\/p>\n<p>Top 5: Bericht der Kassenpr\u00fcfer<\/p>\n<p>Top 6: Entlastung des Vorstandes<\/p>\n<p>Top 7: Totenehrung\u00a0<\/p>\n<p>Top 8: Jubil\u00e4um am 29.04.2023<\/p>\n<p>Top 9: Ehrungen 25 Jahre und 10 Jahre Mitgliedschaft<\/p>\n<p>Top 10: Aktivit\u00e4ten 2023<\/p>\n<p>Top 11: Verschiedenes<\/p>\n<p>Top 12: Ende der Sitzung<\/p>\n<p>\u00a0<\/p>\n<p>Antr\u00e4ge an die Jahreshauptversammlung 2023 sollten bis zum 18.02.2023\u00a0 an den Vorstand eingereicht werden.<br \/><br \/>Wir m\u00f6chten auch in diesem Jahr einen kleinen Imbiss f\u00fcr unsere Mitglieder anbieten. Daher bitten wir um eine Teilnahmebest\u00e4tigung bis zum 18.02.2023, bei unserer Schriftf\u00fchrerin Nina Schnorr (Tel. 0157-36791224), ob ihr an unserer diesj\u00e4hrigen Jahreshauptversammlung teilnehmen k\u00f6nnt. Gerne auch per WhatsApp in der Backhausgruppe.<\/p>\n<p>\u00a0<\/p>\n<p><br \/>Mit kameradschaftlichen Gr\u00fc\u00dfen<br \/>Der Vorstand<\/p>\n","protected":false},"excerpt":{"rendered":"<p>Herzlich Willkommen auf der Seite des Backhausteam Klein-Altenst\u00e4dten e.V. Auf dieser Seite finden sie alle Infos und Veranstaltungen \u00fcber das Backhausteam Klein-Altenst\u00e4dten e.V. &#8212;&#8212;&#8212;&#8212;&#8212;&#8212;&#8212;&#8212;&#8212;&#8212;&#8212;&#8212;&#8212;&#8212;&#8212;&#8212;&#8212;&#8212;&#8212;&#8212;&#8212;&#8212;&#8212;&#8212;&#8212;&#8212;&#8211; Aktuelle Informationen \u00a0 Jahreshauptversammlung 2023 Liebe Mitglieder, liebe Mitgliederinnen, am Samstag, den 25.02.2023 um 19.00 Uhr findet unsere diesj\u00e4hrige Jahreshauptversammlung im Sch\u00fctzenhaus, Am Kellerkopf, in Klein-Altenst\u00e4dten statt. Wegen der Wichtigkeit der&#8230;<\/p>\n","protected":false},"author":3,"featured_media":0,"parent":0,"menu_order":1,"comment_status":"closed","ping_status":"closed","template":"","meta":{"_mc_calendar":[],"footnotes":"","_links_to":"","_links_to_target":""},"class_list":["post-2","page","type-page","status-publish","hentry"],"_links":{"self":[{"href":"http:\/\/www.backhausteam.de\/wordpress\/index.php?rest_route=\/wp\/v2\/pages\/2","targetHints":{"allow":["GET"]}}],"collection":[{"href":"http:\/\/www.backhausteam.de\/wordpress\/index.php?rest_route=\/wp\/v2\/pages"}],"about":[{"href":"http:\/\/www.backhausteam.de\/wordpress\/index.php?rest_route=\/wp\/v2\/types\/page"}],"author":[{"embeddable":true,"href":"http:\/\/www.backhausteam.de\/wordpress\/index.php?rest_route=\/wp\/v2\/users\/3"}],"replies":[{"embeddable":true,"href":"http:\/\/www.backhausteam.de\/wordpress\/index.php?rest_route=%2Fwp%2Fv2%2Fcomments&post=2"}],"version-history":[{"count":53,"href":"http:\/\/www.backhausteam.de\/wordpress\/index.php?rest_route=\/wp\/v2\/pages\/2\/revisions"}],"predecessor-version":[{"id":833,"href":"http:\/\/www.backhausteam.de\/wordpress\/index.php?rest_route=\/wp\/v2\/pages\/2\/revisions\/833"}],"wp:attachment":[{"href":"http:\/\/www.backhausteam.de\/wordpress\/index.php?rest_route=%2Fwp%2Fv2%2Fmedia&parent=2"}],"curies":[{"name":"wp","href":"https:\/\/api.w.org\/{rel}","templated":true}]}}

<h2 style="text-align: center;"><strong>Herzlich Willkommen auf der Seite des Backhausteam Klein-Altenstädten e.V.</strong></h2>
<h4>Auf dieser Seite finden sie alle Infos und Veranstaltungen über das Backhausteam Klein-Altenstädten e.V.</h4>
<h3 style="text-align: center;">&#8212;&#8212;&#8212;&#8212;&#8212;&#8212;&#8212;&#8212;&#8212;&#8212;&#8212;&#8212;&#8212;&#8212;&#8212;&#8212;&#8212;&#8212;&#8212;&#8212;&#8212;&#8212;&#8212;&#8212;&#8212;&#8212;&#8211;</h3>
<p style="text-align: center;"><strong>Aktuelle Informationen</strong></p>


<p></p>



<p> </p>
<p>Jahreshauptversammlung 2023</p>
<p>Liebe Mitglieder, liebe Mitgliederinnen,</p>
<p><br />am Samstag, den 25.02.2023 um 19.00 Uhr findet unsere diesjährige Jahreshauptversammlung im Schützenhaus, Am Kellerkopf, in Klein-Altenstädten statt. Wegen der Wichtigkeit der Themen und unserem bevorstehenden Jubiläum bitten wir um Eure Teilnahme.<br />Tagespunkte:</p>
<p> </p>
<p>Top 1: Begrüßung</p>
<p>Top 2: Bericht des 1. Vorsitzenden</p>
<p>Top 3: Bericht abgestelltes Mitglied Bürgerstiftung</p>
<p>Top 4: Bericht Kassiererin</p>
<p>Top 5: Bericht der Kassenprüfer</p>
<p>Top 6: Entlastung des Vorstandes</p>
<p>Top 7: Totenehrung </p>
<p>Top 8: Jubiläum am 29.04.2023</p>
<p>Top 9: Ehrungen 25 Jahre und 10 Jahre Mitgliedschaft</p>
<p>Top 10: Aktivitäten 2023</p>
<p>Top 11: Verschiedenes</p>
<p>Top 12: Ende der Sitzung</p>
<p> </p>
<p>Anträge an die Jahreshauptversammlung 2023 sollten bis zum 18.02.2023  an den Vorstand eingereicht werden.<br /><br />Wir möchten auch in diesem Jahr einen kleinen Imbiss für unsere Mitglieder anbieten. Daher bitten wir um eine Teilnahmebestätigung bis zum 18.02.2023, bei unserer Schriftführerin Nina Schnorr (Tel. 0157-36791224), ob ihr an unserer diesjährigen Jahreshauptversammlung teilnehmen könnt. Gerne auch per WhatsApp in der Backhausgruppe.</p>
<p> </p>
<p><br />Mit kameradschaftlichen Grüßen<br />Der Vorstand</p>

<p>Herzlich Willkommen auf der Seite des Backhausteam Klein-Altenstädten e.V. Auf dieser Seite finden sie alle Infos und Veranstaltungen über das Backhausteam Klein-Altenstädten e.V. &#8212;&#8212;&#8212;&#8212;&#8212;&#8212;&#8212;&#8212;&#8212;&#8212;&#8212;&#8212;&#8212;&#8212;&#8212;&#8212;&#8212;&#8212;&#8212;&#8212;&#8212;&#8212;&#8212;&#8212;&#8212;&#8212;&#8211; Aktuelle Informationen   Jahreshauptversammlung 2023 Liebe Mitglieder, liebe Mitgliederinnen, am Samstag, den 25.02.2023 um 19.00 Uhr findet unsere diesjährige Jahreshauptversammlung im Schützenhaus, Am Kellerkopf, in Klein-Altenstädten statt. Wegen der Wichtigkeit der&#8230;</p>
